e 12) to base 15.
-853c2
Convert -111111101111110011 (base 2) to base 15.
-52572
-554041 (base 7) to base 16
-17ca1
-2915375 (base 11) to base 6
-255250242
What is -11300332303 (base 4) in base 6?
-52220551
Convert -2947426 (base 10) to base 14.
-56a1c6
406420 (base 8) to base 6
2514144
214615 (base 8) to base 3
10122212112
-201250203 (base 6) to base 10
-3427995
Convert 320220021 (base 4) to base 14.
60757
Convert -54cd (base 16) to base 12.
-10691
What is 42420000 (base 5) in base 7?
3016163
102211011000 (base 3) to base 8
706323
What is 1000122021 (base 3) in base 12?
b7b1
Convert -212462 (base 15) to base 7.
-16256003
Convert -22025032 (base 6) to base 13.
-19ccac
113451 (base 16) to base 14
214c81
What is 2030251 (base 6) in base 10?
97303
Convert 110202112200221 (base 3) to base 16.
677ae5
Convert -289a813 (base 11) to base 2.
-10010111111001110110111
What is -1803858 (base 9) in base 15?
-14d44b
-4c84a9 (base 13) to base 14
-360bc3
53340143 (base 6) to base 3
2221200012100
-110101111000111100 (base 2) to base 10
-220732
-483481 (base 11) to base 15
-101ded
107057 (base 12) to base 2
111111101110000011
1241430 (base 5) to base 4
12000213
Convert -2466976 (base 10) to base 8.
-11322240
What is -1224354 (base 7) in base 10?
-157623
Convert 10000110101110 (base 2) to base 14.
31dc
Convert -243785 (base 9) to base 16.
-23ee5
-25621104 (base 7) to base 8
-10734773
Convert 21001011310 (base 4) to base 11.
1374a27
Convert 101011001101110111 (base 2) to base 6.
3443303
Convert 120468 (base 10) to base 14.
31c8c
What is -1100001101011000011 (base 2) in base 6?
-12324055
Convert 141500440 (base 6) to base 14.
5515a0
What is 3250616 (base 7) in base 3?
202021011002
Convert 211113223 (base 4) to base 11.
a5002
What is -4072467 (base 10) in base 2?
-1111100010010000010011
c39a9 (base 14) to base 16
73061
Convert -2c317 (base 16) to base 13.
-64513
What is -67a631 (base 13) in base 6?
-124305513
Convert -132314311 (base 5) to base 16.
-a2ccf
Convert -1232102123 (base 4) to base 12.
-19950b
3120031331 (base 4) to base 6
30552045
-83331a (base 11) to base 4
-11012112010
What is 19708 (base 12) in base 9?
56148
What is -3118b (base 15) in base 2?
-100101111111010110
What is -2571178 (base 11) in base 3?
-22101012112202
-180aa9 (base 11) to base 8
-1041724
Convert 317748 (base 11) to base 10.
508010
What is -72e38 (base 16) in base 13?
-13626a
Convert 1da43a (base 14) to base 15.
160a8d
97168 (base 10) to base 6
2025504
Convert -399885 (base 15) to base 2.
-1010100011010011100010
What is -110111101010101001 (base 2) in base 10?
-228009
Convert -2170708 (base 9) to base 13.
-31baa6
-2201d (base 14) to base 12
-3b7a3
-14112343 (base 5) to base 3
-21100112010
What is 1a85a (base 16) in base 6?
2154534
-245523200 (base 6) to base 10
-4754448
304020 (base 11) to base 7
4103124
What is 6dd61 (base 15) in base 13?
c37a5
8d0e31 (base 15) to base 8
31544701
5dacd (base 14) to base 7
1645146
Convert 22120000001120 (base 3) to base 14.
865007
20321101200 (base 4) to base 9
4343486
What is -521403 (base 7) in base 3?
-11112121100
What is 26239a0 (base 11) in base 6?
241220330
What is -119148 (base 14) in base 13?
-18084b
Convert -112133300033 (base 4) to base 8.
-26376017
10460a (base 11) to base 16
28cc7
-56aa22 (base 12) to base 4
-11102230322
Convert -212210221210 (base 3) to base 6.
-14013550
Convert 10122101022222 (base 3) to base 15.
283b7b
Convert 220100222001201 (base 3) to base 7.
215036143
What is -2020100211202 (base 3) in base 11?
-741751
Convert -5389 (base 14) to base 11.
-a928
Convert -101000010111011011 (base 2) to base 12.
-7b823
What is 34521102 (base 6) in base 11?
66a583
3104230 (base 6) to base 8
442332
What is -11c5ab (base 14) in base 6?
-21025243
What is 1125325321 (base 6) in base 8?
57765461
What is -1138a7 (base 15) in base 7?
-6662512
Convert -202000020131 (base 4) to base 12.
-2b9a2a5
What is -44bb59 (base 16) in base 11?
-25a7258
-165592 (base 12) to base 14
-9d690
What is -a4c136 (base 14) in base 9?
-11421757
Convert 220121112021 (base 3) to base 4.
1312101121
Convert 101120122001 (base 3) to base 12.
a0601
What is -1b34d (base 16) in base 3?
-12122212022
What is 8835753 (base 9) in base 11?
275315a
-33189a (base 15) to base 6
-124110344
Convert 110021021202 (base 3) to base 4.
322331210
Convert 111000111101111001 (base 2) to base 3.
102212002010
Convert 5525143 (base 7) to base 14.
139593
Convert -120003404 (base 5) to base 7.
-4436533
11001101100011101 (base 2) to base 12
50aa5
-2011122221121 (base 3) to base 8
-4317212
Convert -1251836 (base 9) to base 7.
-5545311
What is 8600387 (base 9) in base 16?
4648c0
-172617 (base 8) to base 14
-18ca3
Convert -225127 (base 11) to base 14.
-9476d
Convert 10001111110000101 (base 2) to base 16.
11f85
What is -51032022 (base 6) in base 14?
-29a954
What is -201012000111 (base 3) in base 2?
-1011100001100100011
-247341 (base 12) to base 4
-2100310201
20531046 (base 7) to base 11
a88348
Convert -4354785 (base 9) to base 15.
-3131bb
Convert -110cd4 (base 15) to base 9.
-1468071
Convert 110101220022222 (base 3) to base 13.
149a512
199cb (base 16) to base 5
11324112
What is 222121332 (base 4) in base 15?
366e9
Convert 3205360 (base 8) to base 7.
10160015
-30113 (base 9) to base 10
-19776
What is -2112323021 (base 4) in base 12?
-2598b5
What is -10111001110010000 (base 2) in base 9?
-154428
29913 (base 12) to base 9
88016
-101011010101100010111 (base 2) to base 11
-88a9aa
Convert 408666 (base 13) to base 8.
5571146
What is 1111220403 (base 5) in base 9?
4536041
What is -47271 (base 12) in base 16?
-174b5
1304361 (base 9) to base 12
2a3b0a
Convert -20524 (base 7) to base 16.
-13c9
What is 96201 (base 10) in base 2?
10111011111001001
Convert 145105002 (base 6) to base 9.
5645132
Convert 27954 (base 16) to base 6.
3250340
-77481 (base 9) to base 8
-144343
-145235010 (base 6) to base 13
-82b90c
What is 101110110000010000100 (base 2) in base 11?
957050
What is -5177532 (base 8) in base 13?
-392471
Convert 562144 (base 9) to base 10.
336190
Convert 1d6d73 (base 15) to base 3.
2201012101100
Convert -3d2dd4 (base 16) to base 6.
-221534100
339a (base 14) to base 16
22fc
What is 211405555 (base 6) in base 5?
1422440343
-30214553 (base 6) to base 15
-11e223
What is 1129a (base 13) in base 5?
1444343
Convert -49b4bd (base 16) to base 15.
-656367
Convert b662b8 (base 12) to base 3.
12101221010212
13288525 (base 9) to base 2
11001000000001000011010
1220202022121 (base 3) to base 15
151c4a
Convert 11221220112 (base 3) to base 13.
35582
-7080523 (base 9) to base 15
-4e7dd6
Convert -1202022200210 (base 3) to base 7.
-10626366
2976fc (base 16) to base 13
741b67
Convert 3327706 (base 8) to base 13.
255365
8a3c22 (base 13) to base 2
1100011101000001011001
Convert 2423172 (base 8) to base 10.
665210
314822 (base 9) to base 14
4c380
What is -95858 (base 15) in base 6?
-14100115
Convert -1000031020 (base 4) to base 5.
-31403414
-21101001022222 (base 3) to base 11
-2236627
What is -117003 (base 9) in base 12?
-34b10
Convert 110110101000010111 (base 2) to base 12.
a95b3
Convert -523169 (base 10) to base 5.
-113220134
-110100001000100011011011 (base 2) to base 11
-7794952
-22d2c6 (base 14) to base 7
-13050436
Convert 14728a6 (base 11) to base 8.
11475616
Convert -110011011000001110 (base 2) to base 14.
-5699c
What is -63b82b (base 12) in base 2?
-110000000100111100011
What is 137148 (base 10) in base 2?
100001011110111100
What is -1001111101100000010 (base 2) in base 11?
-20325a
Convert -1001110101100001111110 (base 2) to base 14.
-4b19ca
Convert -100145b (base 12) to base 9.
-5554228
Convert -1174194 (base 10) to base 13.
-3215b8
What is 1111000101100000010 (base 2) in base 5?
111304323
Convert -200022200021 (base 3) to base 6.
-11421311
What is 20121101200011 (base 3) in base 16?
35943a
What is 2215315 (base 6) in base 4?
123023333
What is -97cc5b (base 14) in base 10?
-5144689
4100312 (base 5) to base 4
100002223
-5c82c (base 13) to base 3
-22122222000
-55736 (base 10) to base 9
-84408
What is 20302060 (base 9) in base 5?
4443311342
What is 17812 (base 15) in base 2?
10010100100100011
What is 199280 (base 15) in base 16?
1302f9
3130401 (base 5) to base 7
304351
What is -a12726 (base 13) in base 8?
-16226434
Convert 11030